{"id":8,"date":"2019-05-28T08:25:03","date_gmt":"2019-05-28T08:25:03","guid":{"rendered":"https:\/\/server241424.nazwa.pl\/wordpress\/wpn_aksell\/?page_id=8"},"modified":"2021-05-06T13:31:05","modified_gmt":"2021-05-06T11:31:05","slug":"home","status":"publish","type":"page","link":"https:\/\/aksell.pl\/","title":{"rendered":"Oferta"},"content":{"rendered":"\n<p>Dach to jeden z bardziej istotnych element\u00f3w domu. Dobrze zaprojektowany i wykonany s\u0142u\u017cy przez d\u0142ugie dziesi\u0119ciolecia.  <\/p>\n\n\n\n<p>Zakres naszej dzia\u0142alno\u015bci obejmuje: <\/p>\n\n\n\n<ul class=\"wp-block-list\"><li>Pokrycia dachowe (dach\u00f3wka, blachodach\u00f3wka, styropapa, papa)<\/li><li> Obr\u00f3bki blacharskie (attyki, okapy, wiatrownice, podbitki) <\/li><li>Wymiana i monta\u017c orynnowania<\/li><li>Monta\u017c okien dachowych oraz wy\u0142az\u00f3w<\/li><li>Monta\u017c \u0142aw i stopni kominiarskich<\/li><li>Naprawa uszkodzonych i ciekn\u0105cych fragment\u00f3w dach\u00f3w<\/li><li>Murowanie i obr\u00f3bka blacharska komin\u00f3w<\/li><li>Wi\u0119\u017aba dachowa (naprawa, wymiana belek)<\/li><\/ul>\n\n\n\n<p><\/p>\n","protected":false},"excerpt":{"rendered":"<p>Dach to jeden z bardziej istotnych element\u00f3w domu. Dobrze zaprojektowany i wykonany s\u0142u\u017cy przez d\u0142ugie dziesi\u0119ciolecia. Zakres naszej dzia\u0142alno\u015bci obejmuje: Pokrycia dachowe (dach\u00f3wka, blachodach\u00f3wka, styropapa, papa) Obr\u00f3bki blacharskie (attyki, okapy, wiatrownice, podbitki) Wymiana i monta\u017c orynnowania Monta\u017c okien dachowych oraz wy\u0142az\u00f3w Monta\u017c \u0142aw i stopni kominiarskich Naprawa uszkodzonych i ciekn\u0105cych fragment\u00f3w dach\u00f3w Murowanie i obr\u00f3bka &hellip; <\/p>\n<p class=\"link-more\"><a href=\"https:\/\/aksell.pl\/\" class=\"more-link\">Czytaj dalej<span class=\"screen-reader-text\"> \u201eOferta\u201d<\/span><\/a><\/p>\n","protected":false},"author":1,"featured_media":0,"parent":0,"menu_order":0,"comment_status":"closed","ping_status":"closed","template":"","meta":{"footnotes":""},"class_list":["post-8","page","type-page","status-publish","hentry"],"yoast_head":"<!-- This site is optimized with the Yoast SEO plugin v27.4 - https:\/\/yoast.com\/product\/yoast-seo-wordpress\/ -->\n<title>Oferta - AKSELL<\/title>\n<meta name=\"robots\" content=\"index, follow, max-snippet:-1, max-image-preview:large, max-video-preview:-1\" \/>\n<link rel=\"canonical\" href=\"https:\/\/aksell.pl\/\" \/>\n<meta property=\"og:locale\" content=\"pl_PL\" \/>\n<meta property=\"og:type\" content=\"article\" \/>\n<meta property=\"og:title\" content=\"Oferta - AKSELL\" \/>\n<meta property=\"og:description\" content=\"Dach to jeden z bardziej istotnych element\u00f3w domu. Dobrze zaprojektowany i wykonany s\u0142u\u017cy przez d\u0142ugie dziesi\u0119ciolecia. Zakres naszej dzia\u0142alno\u015bci obejmuje: Pokrycia dachowe (dach\u00f3wka, blachodach\u00f3wka, styropapa, papa) Obr\u00f3bki blacharskie (attyki, okapy, wiatrownice, podbitki) Wymiana i monta\u017c orynnowania Monta\u017c okien dachowych oraz wy\u0142az\u00f3w Monta\u017c \u0142aw i stopni kominiarskich Naprawa uszkodzonych i ciekn\u0105cych fragment\u00f3w dach\u00f3w Murowanie i obr\u00f3bka &hellip; Czytaj dalej \u201eOferta\u201d\" \/>\n<meta property=\"og:url\" content=\"https:\/\/aksell.pl\/\" \/>\n<meta property=\"og:site_name\" content=\"AKSELL\" \/>\n<meta property=\"article:modified_time\" content=\"2021-05-06T11:31:05+00:00\" \/>\n<meta name=\"twitter:card\" content=\"summary_large_image\" \/>\n<script type=\"application\/ld+json\" class=\"yoast-schema-graph\">{\"@context\":\"https:\\\/\\\/schema.org\",\"@graph\":[{\"@type\":\"WebPage\",\"@id\":\"https:\\\/\\\/aksell.pl\\\/\",\"url\":\"https:\\\/\\\/aksell.pl\\\/\",\"name\":\"Oferta - AKSELL\",\"isPartOf\":{\"@id\":\"https:\\\/\\\/aksell.pl\\\/#website\"},\"datePublished\":\"2019-05-28T08:25:03+00:00\",\"dateModified\":\"2021-05-06T11:31:05+00:00\",\"breadcrumb\":{\"@id\":\"https:\\\/\\\/aksell.pl\\\/#breadcrumb\"},\"inLanguage\":\"pl-PL\",\"potentialAction\":[{\"@type\":\"ReadAction\",\"target\":[\"https:\\\/\\\/aksell.pl\\\/\"]}]},{\"@type\":\"BreadcrumbList\",\"@id\":\"https:\\\/\\\/aksell.pl\\\/#breadcrumb\",\"itemListElement\":[{\"@type\":\"ListItem\",\"position\":1,\"name\":\"Strona g\u0142\u00f3wna\",\"item\":\"https:\\\/\\\/aksell.pl\\\/\"},{\"@type\":\"ListItem\",\"position\":2,\"name\":\"Oferta\"}]},{\"@type\":\"WebSite\",\"@id\":\"https:\\\/\\\/aksell.pl\\\/#website\",\"url\":\"https:\\\/\\\/aksell.pl\\\/\",\"name\":\"AKSELL\",\"description\":\"Tw\u00f3j dach w naszych r\u0119kach\",\"publisher\":{\"@id\":\"https:\\\/\\\/aksell.pl\\\/#organization\"},\"potentialAction\":[{\"@type\":\"SearchAction\",\"target\":{\"@type\":\"EntryPoint\",\"urlTemplate\":\"https:\\\/\\\/aksell.pl\\\/?s={search_term_string}\"},\"query-input\":{\"@type\":\"PropertyValueSpecification\",\"valueRequired\":true,\"valueName\":\"search_term_string\"}}],\"inLanguage\":\"pl-PL\"},{\"@type\":\"Organization\",\"@id\":\"https:\\\/\\\/aksell.pl\\\/#organization\",\"name\":\"AKSELL\",\"url\":\"https:\\\/\\\/aksell.pl\\\/\",\"logo\":{\"@type\":\"ImageObject\",\"inLanguage\":\"pl-PL\",\"@id\":\"https:\\\/\\\/aksell.pl\\\/#\\\/schema\\\/logo\\\/image\\\/\",\"url\":\"https:\\\/\\\/aksell.pl\\\/wp-content\\\/uploads\\\/2019\\\/05\\\/cropped-Final.png\",\"contentUrl\":\"https:\\\/\\\/aksell.pl\\\/wp-content\\\/uploads\\\/2019\\\/05\\\/cropped-Final.png\",\"width\":544,\"height\":250,\"caption\":\"AKSELL\"},\"image\":{\"@id\":\"https:\\\/\\\/aksell.pl\\\/#\\\/schema\\\/logo\\\/image\\\/\"}}]}<\/script>\n<!-- \/ Yoast SEO plugin. -->","yoast_head_json":{"title":"Oferta - AKSELL","robots":{"index":"index","follow":"follow","max-snippet":"max-snippet:-1","max-image-preview":"max-image-preview:large","max-video-preview":"max-video-preview:-1"},"canonical":"https:\/\/aksell.pl\/","og_locale":"pl_PL","og_type":"article","og_title":"Oferta - AKSELL","og_description":"Dach to jeden z bardziej istotnych element\u00f3w domu. Dobrze zaprojektowany i wykonany s\u0142u\u017cy przez d\u0142ugie dziesi\u0119ciolecia. Zakres naszej dzia\u0142alno\u015bci obejmuje: Pokrycia dachowe (dach\u00f3wka, blachodach\u00f3wka, styropapa, papa) Obr\u00f3bki blacharskie (attyki, okapy, wiatrownice, podbitki) Wymiana i monta\u017c orynnowania Monta\u017c okien dachowych oraz wy\u0142az\u00f3w Monta\u017c \u0142aw i stopni kominiarskich Naprawa uszkodzonych i ciekn\u0105cych fragment\u00f3w dach\u00f3w Murowanie i obr\u00f3bka &hellip; Czytaj dalej \u201eOferta\u201d","og_url":"https:\/\/aksell.pl\/","og_site_name":"AKSELL","article_modified_time":"2021-05-06T11:31:05+00:00","twitter_card":"summary_large_image","schema":{"@context":"https:\/\/schema.org","@graph":[{"@type":"WebPage","@id":"https:\/\/aksell.pl\/","url":"https:\/\/aksell.pl\/","name":"Oferta - AKSELL","isPartOf":{"@id":"https:\/\/aksell.pl\/#website"},"datePublished":"2019-05-28T08:25:03+00:00","dateModified":"2021-05-06T11:31:05+00:00","breadcrumb":{"@id":"https:\/\/aksell.pl\/#breadcrumb"},"inLanguage":"pl-PL","potentialAction":[{"@type":"ReadAction","target":["https:\/\/aksell.pl\/"]}]},{"@type":"BreadcrumbList","@id":"https:\/\/aksell.pl\/#breadcrumb","itemListElement":[{"@type":"ListItem","position":1,"name":"Strona g\u0142\u00f3wna","item":"https:\/\/aksell.pl\/"},{"@type":"ListItem","position":2,"name":"Oferta"}]},{"@type":"WebSite","@id":"https:\/\/aksell.pl\/#website","url":"https:\/\/aksell.pl\/","name":"AKSELL","description":"Tw\u00f3j dach w naszych r\u0119kach","publisher":{"@id":"https:\/\/aksell.pl\/#organization"},"potentialAction":[{"@type":"SearchAction","target":{"@type":"EntryPoint","urlTemplate":"https:\/\/aksell.pl\/?s={search_term_string}"},"query-input":{"@type":"PropertyValueSpecification","valueRequired":true,"valueName":"search_term_string"}}],"inLanguage":"pl-PL"},{"@type":"Organization","@id":"https:\/\/aksell.pl\/#organization","name":"AKSELL","url":"https:\/\/aksell.pl\/","logo":{"@type":"ImageObject","inLanguage":"pl-PL","@id":"https:\/\/aksell.pl\/#\/schema\/logo\/image\/","url":"https:\/\/aksell.pl\/wp-content\/uploads\/2019\/05\/cropped-Final.png","contentUrl":"https:\/\/aksell.pl\/wp-content\/uploads\/2019\/05\/cropped-Final.png","width":544,"height":250,"caption":"AKSELL"},"image":{"@id":"https:\/\/aksell.pl\/#\/schema\/logo\/image\/"}}]}},"_links":{"self":[{"href":"https:\/\/aksell.pl\/index.php?rest_route=\/wp\/v2\/pages\/8","targetHints":{"allow":["GET"]}}],"collection":[{"href":"https:\/\/aksell.pl\/index.php?rest_route=\/wp\/v2\/pages"}],"about":[{"href":"https:\/\/aksell.pl\/index.php?rest_route=\/wp\/v2\/types\/page"}],"author":[{"embeddable":true,"href":"https:\/\/aksell.pl\/index.php?rest_route=\/wp\/v2\/users\/1"}],"replies":[{"embeddable":true,"href":"https:\/\/aksell.pl\/index.php?rest_route=%2Fwp%2Fv2%2Fcomments&post=8"}],"version-history":[{"count":15,"href":"https:\/\/aksell.pl\/index.php?rest_route=\/wp\/v2\/pages\/8\/revisions"}],"predecessor-version":[{"id":98,"href":"https:\/\/aksell.pl\/index.php?rest_route=\/wp\/v2\/pages\/8\/revisions\/98"}],"wp:attachment":[{"href":"https:\/\/aksell.pl\/index.php?rest_route=%2Fwp%2Fv2%2Fmedia&parent=8"}],"curies":[{"name":"wp","href":"https:\/\/api.w.org\/{rel}","templated":true}]}}